 y(x) = x - 2. Give y(-6).
-8
Let g(w) = -w + 12. Determine g(-4).
16
Let h(j) = 3*j - 39. Give h(17).
12
Let j(k) = k**3 + 27*k**2 - 18*k + 273. What is j(-28)?
-7
Let o(t) = t**2 + 64*t + 352. Determine o(-58).
4
Let w(g) = -16*g - 14. Determine w(-1).
2
Let f(p) = p - 17. What is f(16)?
-1
Let r(m) = -57*m**3 + 2*m**2 - m - 1. Give r(-1).
59
Let t(l) = -l**3 + 13*l**2 - 7*l - 11. What is t(11)?
154
Let h(o) = -5*o**2 - o + 2. Calculate h(-3).
-40
Let l(d) = -d**3 - d**2 + 2*d - 32. Determine l(0).
-32
Let l(z) = 31*z + 19. Determine l(-2).
-43
Let b(i) = -i**2 + 11*i - 2. Determine b(5).
28
Let p(b) = -10*b + 461. Calculate p(46).
1
Let c(q) = 2*q**3 + 6*q**2 + q - 11. Calculate c(-3).
-14
Let t(l) = l**2 + 8*l - 2. Determine t(-8).
-2
Let i(z) = 23*z - 24. Determine i(1).
-1
Let s(l) = -16*l**2 + 3*l + 2. Determine s(-1).
-17
Let h(v) = -v**3 - 3*v**2 + 2*v + 11. Give h(-5).
51
Let z(w) = -w**3 + 4*w**2 - 2*w + 3. Give z(4).
-5
Let s(z) = -6*z - 7. Determine s(9).
-61
Let t(b) = b**2 + 11*b - 32. Give t(-13).
-6
Let l(p) = -14*p + 1. Give l(3).
-41
Let k(q) = -8*q + 29. What is k(2)?
13
Let c(r) = -5*r - 94. Give c(-8).
-54
Let k(z) = 2*z**2 + 6*z - 6. Determine k(4).
50
Let h(d) = -5*d**2 + 35*d + 5. What is h(7)?
5
Let a(s) = 3*s + 48. Determine a(-15).
3
Let c(i) = 2*i**2 - 1. Give c(-2).
7
Let w(y) = -11*y - 138. What is w(-12)?
-6
Let q(w) = 3*w**2 - 5*w - 7. Determine q(-7).
175
Let f(p) = -p**3 - 8*p**2 - 9*p - 17. Determine f(-7).
-3
Let u(i) = -i**3 + 28*i**2 - 21*i - 154. Give u(27).
8
Let m(f) = f + 10. Determine m(-5).
5
Let x(c) = 26*c**3 - c**2 - c + 1. What is x(1)?
25
Let t(p) = p**3 - p**2 - p + 18. Determine t(0).
18
Let x(w) = -3*w + 4. Determine x(0).
4
Let y(g) = 27*g**2 + g - 1. Calculate y(1).
27
Let g(c) = 6*c + 11. Give g(8).
59
Let v(k) = -5*k + 3. Determine v(-12).
63
Let u(o) = -o**2 + 10*o - 5. Give u(12).
-29
Let d(a) = -a**3 + 38*a**2 + 39*a - 18. Give d(39).
-18
Let b(t) = 5*t**3 - 3*t**2 - 2*t + 4. What is b(2)?
28
Let a(t) = 4*t - 18. Calculate a(6).
6
Let o(b) = -b + 28. Give o(13).
15
Let k(g) = -g**3 - 10*g**2 + 12*g + 24. Calculate k(-11).
13
Let s(x) = 4*x**2 + 20*x - 17. What is s(-5)?
-17
Let o(b) = b**2 + 11*b + 3. Determine o(-6).
-27
Let t(h) = h**2 + 2*h - 3. Calculate t(-5).
12
Let l(q) = -q + 15. Give l(4).
11
Let l(h) = 20*h + 85. Calculate l(-4).
5
Let k(c) = -c**3 - 14*c**2 + 33*c + 13. Determine k(-16).
-3
Let y(v) = -7*v**2 - 6*v + 2. Give y(-3).
-43
Let o(f) = -f**2 - 3*f + 5. Give o(-5).
-5
Let u(j) = -21*j - 56. What is u(-3)?
7
Let o(x) = -2*x**3 - x**2 - 3*x + 3. Determine o(0).
3
Let i(m) = -m + 14. What is i(5)?
9
Let w(b) = b**3 - 8*b**2 + 6. Determine w(8).
6
Let x(o) = -o**3 - 2*o**2 + 16*o - 1. Calculate x(-5).
-6
Let r(n) = n**2 + 6*n - 14. Determine r(-7).
-7
Let b(m) = 25*m - 32. What is b(-4)?
-132
Let j(k) = -2*k**2 - 7*k + 4. Calculate j(-7).
-45
Let v(n) = -n**3 + 11*n**2 + 8*n + 5. Give v(12).
-43
Let i(x) = 11*x - 399. Calculate i(35).
-14
Let i(r) = -r**2 + 2*r. Calculate i(2).
0
Let g(i) = -i**3 + 4*i**2 + 10*i - 11. Determine g(6).
-23
Let z(l) = -34*l**2 - l - 1. What is z(-1)?
-34
Let d(b) = -b**3 + 9*b**2 + 11*b - 7. Calculate d(10).
3
Let z(j) = 19*j + 5. What is z(-2)?
-33
Let f(n) = n**3 - 11*n**2 + 18*n + 1. Calculate f(9).
1
Let q(v) = v**3 - 6*v**2 + 4*v - 5. What is q(5)?
-10
Let s(f) = 41*f + 746. Give s(-18).
8
Let k(o) = -6*o + 17. Determine k(2).
5
Let p(m) = -4*m**2 + 5*m + 6. Calculate p(3).
-15
Let g(k) = k**3 - 12*k**2 + 8*k - 11. What is g(10)?
-131
Let p(u) = -93*u + 1. What is p(1)?
-92
Let h(c) = -c**2 - 5*c + 5. Give h(-3).
11
Let p(x) = -x**3 - 12*x**2 - 11*x + 28. Determine p(-10).
-62
Let f(w) = w**2 - 7*w - 5. Calculate f(-4).
39
Let b(d) = -d**2 + 5*d + 9. What is b(7)?
-5
Let o(z) = z**3 + 6*z**2 + 7*z + 26. Give o(-6).
-16
Let g(v) = -v**3 - v**2 + 2*v + 2. Give g(3).
-28
Let t(r) = -r**3 - 4*r**2 + 1. Calculate t(-2).
-7
Let i(s) = -s**3 - 7*s**2 + 2*s + 14. Give i(-7).
0
Let d(z) = 25*z + 8. Calculate d(2).
58
Let l(d) = d**2 + 17*d + 60. What is l(-6)?
-6
Let x(g) = g**2 - g - 4. Determine x(3).
2
Let m(z) = -z**3 - 14*z**2 - 13*z - 11. What is m(-13)?
-11
Let d(o) = o**3 + o**2 + o + 5. What is d(0)?
5
Let n(v) = 3*v - 11. Calculate n(-7).
-32
Let n(d) = 13*d**2 + 3*d - 1. Calculate n(1).
15
Let a(h) = -h**3 - h**2 - h - 4. Calculate a(-2).
2
Let h(f) = 4*f**3 - 5*f + 8. What is h(2)?
30
Let b(q) = q**2 - 34*q + 13. Give b(34).
13
Let c(l) = l**3 + l**2 - 9*l - 15. Give c(-3).
-6
Let l(s) = s**3 - 43*s**2 + 117*s + 121. What is l(40)?
1
Let r(c) = 3*c + 3. Determine r(-2).
-3
Let c(t) = t - 20. Calculate c(18).
-2
Let g(b) = 12*b - 19. Calculate g(6).
53
Let z(j) = j**2 - 11*j - 28. What is z(-3)?
14
Let a(f) = 3*f**2 + 25*f + 9. Determine a(-10).
59
Let c(b) = 2*b**3 + 34*b**2 - b. Calculate c(-17).
17
Let n(y) = -y**3 + 3*y**2 + 12*y - 6. Calculate n(5).
4
Let a(n) = -n**3 + 5*n**2 + 7*n + 5. What is a(6)?
11
Let j(f) = -45*f + 328. Give j(8).
-32
Let j(s) = -11*s. Give j(-1).
11
Let x(y) = 2*y + 8. Determine x(0).
8
Let t(q) = q**3 - q**2 + q + 80. Calculate t(0).
80
Let n(f) = -f**2 - 12*f - 20. What is n(-8)?
12
Let v(o) = 4*o. Determine v(5).
20
Let j(f) = -f**3 + 6*f**2 + 14*f - 24. Determine j(7).
25
Let o(g) = 14*g + 39. Determine o(-6).
-45
Let a(v) = -v - 3. What is a(5)?
-8
Let w(p) = -p**2 - 15*p - 9. Determine w(-14).
5
Let y(l) = 2*l**2 + 3*l + 4. Calculate y(-3).
13
Let i(a) = 2*a**3 + 37*a**2 - 106*a - 27. Determine i(-21).
-6
Let r(l) = -10*l**2 - 58*l + 13. Calculate r(-6).
1
Let i(v) = v**3 - 8*v - 2. What is i(-3)?
-5
Let v(i) = 4*i + 3. Calculate v(-1).
-1
Let d(s) = 16*s**2 - s + 1. Calculate d(1).
16
Let i(g) = -11*g + 103. Give i(9).
4
Let x(g) = 4*g**2 + 3*g - 2. Determine x(1).
5
Let c(n) = -17*n - 254. Calculate c(-15).
1
Let n(t) = -t**2 + 5*t. Give n(7).
-14
Let r(z) = 3*z**2 - 13*z + 8. Give r(6).
38
Let w(y) = -y**2 - 16*y + 26. What is w(-18)?
-10
Let y(m) = 24*m**2 - 2*m + 1. What is y(1)?
23
Let j(w) = w**3 - 3*w**2 + 13. What is j(-2)?
-7
Let t(n) = 4*n**2 - n - 4. Calculate t(-3).
35
Let c(x) = -x**3 + 4*x**2 - 5*x + 5. Give c(2).
3
Let z(l) = 22*l + 1. Determine z(-1).
-21
Let g(m) = -2*m + 33. Determine g(-5).
43
Let m(y) = -17*y + 32. Determine m(4).
-36
Let j(s) = s**3 - 6*s**2 + s - 12. What is j(6)?
-6
Let a(v) = -27*v - 7. Determine a(0).
-7
Let b(a) = -a**2 - 7*a + 1. What is b(-4)?
13
Let w(p) = p**3 - 8*p**2 + 5*p + 13. Give w(6).
-29
Let b(y) = 2*y**2 + 35*y + 19. Calculate b(-17).
2
Let q(a) = -2*a + 46. Give q(15).
16
Let u(f) = -f**3 - 6*f**2 - 6*f - 5. Give u(-6).
31
Let i(z) = 2*z**2 - 13*z + 7. What is i(6)?
1
Let v(d) = d**3 - 14*d**2 + 5. Give v(14).
5
Let j(o) = -o**3 + 6*o**2 + 3*o + 2. What is j(6)?
20
Let x(u) = 2*u - 20. Calculate x(12).
4
Let d(i) = -i**3 - 24*i**2 - 78*i + 47. What is d(-20)?
7
Let c(x) = -9*x + 138. Give c(14).
12
Let p(n) = -10*n + 90. What is p(10)?
-10
Let x(s) = s**2 + 51*s + 101. What is x(-49)?
3
Let w(u) = u**3 + 5*u**2 - 3*u - 1. Give w(1).
2
Let p(f) = -f**3 + 7*f**2 - 8*f - 3. Calculate p(6).
-15
Let l(d) = 4*d - 98. What is l(15)?
-38
Let r(s) = -s - 8. Determine r(5).
-13
Let w(x) = -x**3 + 26*x**2 + 56*x. Determine w(28).
0
Let x(v) = -3*v**3 + 71*v**2 + 98*v + 46. Determine x(25).
-4
Let i(g) = -11*g**2 + 13*g - 14. Give i(1).
-12
Let k(q) = 13*q**2 - 6*q + 5. Calculate k(1).
12
Let j(c) = 15*c**2 - 2*c + 2. What is j(1)?
15
Let d(z) = 23*z + 19. What is d(-8)?
-165
Let d(v) = v**3 - 4*v**2 - 2*v - 12. Give d(8).
228
Let l(g) = -g**3 - 14*g**2 - 10*g - 8. Determine l(-13).
-47
Let b(m) = -31*m - 25. Determine b(3).
-118
Let v(r) = -18*r - 17. Calculate v(-1).
1
Let n(b) = 4*b**2 - 15*b - 33. Determine n(-2).
13
Let l(z) = 2*z**2 + 21*z - 17. Calculate l(-15).
118
Let j(f) = -f**2 - 6*f + 25. What is j(4)?
-15
Let u(n) = 2*n**3 - 10*n**2 + 3*n + 6. What is u(4)?
-14
Let v(t) = -10*t + 357. What is v(36)?
-3
Let z(l) = 6*l**2 - 46*l + 46. Determine z(1).
6
Let y(p) = p**3 - 2*p**2 + 2*p + 2. Give y(2).
6
Let y(f) = -f**3 + 25*f**2 + 28*f + 30. Calculate y(26).
82
Let a(r) = 3*r**3 + r**2 - 2*r + 2. What is a(-2)?
-14
Let x(c) = c**2 + 6*c - 2. Give x(-9).
25
Let w(u) = -3*u - 10. What is w(-4)?
2
Let h(o) = -41*o + 168. Determine h(5).
